{"id":39,"date":"2024-01-02T13:29:42","date_gmt":"2024-01-02T12:29:42","guid":{"rendered":"https:\/\/domaineduhibou.com\/?page_id=39"},"modified":"2024-01-03T08:53:28","modified_gmt":"2024-01-03T07:53:28","slug":"hebergements","status":"publish","type":"page","link":"https:\/\/domaineduhibou.com\/index.php\/hebergements\/","title":{"rendered":"H\u00e9bergements"},"content":{"rendered":"\n<div class=\"wp-block-columns is-layout-flex wp-container-core-columns-is-layout-28f84493 wp-block-columns-is-layout-flex\">\n<div class=\"wp-block-column is-layout-flow wp-block-column-is-layout-flow\">\n<div class=\"wp-block-group Test has-border-color has-ast-global-color-4-border-color is-layout-constrained wp-block-group-is-layout-constrained\" style=\"text-transform:none\">\n<div class=\"wp-block-cover has-custom-content-position is-position-bottom-center\"><span aria-hidden=\"true\" class=\"wp-block-cover__background has-blue-background-color has-background-dim\"><\/span><img loading=\"lazy\" decoding=\"async\" width=\"200\" height=\"150\" class=\"wp-block-cover__image-background wp-image-49\" alt=\"\" src=\"http:\/\/domaineduhibou.com\/wp-content\/uploads\/2024\/01\/DSC00893.jpg\" data-object-fit=\"cover\"\/><div class=\"wp-block-cover__inner-container is-layout-constrained wp-block-cover-is-layout-constrained\">\n<p class=\"has-text-align-center has-medium-font-size\">Le g\u00eete<\/p>\n<\/div><\/div>\n\n\n\n<h2 class=\"wp-block-heading\">Le G\u00eete<\/h2>\n\n\n\n<p>Ici pour d\u00e9couvrir<\/p>\n\n\n\n<div class=\"wp-block-buttons is-layout-flex wp-block-buttons-is-layout-flex\">\n<div class=\"wp-block-button\"><a class=\"wp-block-button__link wp-element-button\" href=\"https:\/\/domaineduhibou.com\/\">D\u00e9couvrir&#8230;<\/a><\/div>\n<\/div>\n<\/div>\n<\/div>\n\n\n\n<div class=\"wp-block-column is-layout-flow wp-block-column-is-layout-flow\">\n<div class=\"wp-block-group Test has-border-color has-ast-global-color-4-border-color is-layout-constrained wp-block-group-is-layout-constrained\" style=\"text-transform:none\">\n<div class=\"wp-block-cover has-custom-content-position is-position-bottom-center\"><span aria-hidden=\"true\" class=\"wp-block-cover__background has-blue-background-color has-background-dim\"><\/span><img loading=\"lazy\" decoding=\"async\" width=\"200\" height=\"150\" class=\"wp-block-cover__image-background wp-image-46\" alt=\"\" src=\"http:\/\/domaineduhibou.com\/wp-content\/uploads\/2024\/01\/DSC00931.jpg\" data-object-fit=\"cover\"\/><div class=\"wp-block-cover__inner-container is-layout-constrained wp-block-cover-is-layout-constrained\">\n<p class=\"has-text-align-center has-medium-font-size\">La grange<\/p>\n<\/div><\/div>\n\n\n\n<h2 class=\"wp-block-heading\">La Grange<\/h2>\n\n\n\n<p>Ici pour d\u00e9couvridsdsds<br>frfrfrfrfrfr<br>kfpocpoofcofkcvfo<br>,xdcdkdcndkscnsdklcndlnckds<\/p>\n\n\n\n<div class=\"wp-block-buttons is-layout-flex wp-block-buttons-is-layout-flex\">\n<div class=\"wp-block-button\"><a class=\"wp-block-button__link wp-element-button\" href=\"https:\/\/domaineduhibou.com\/index.php\/la-grange\/\">D\u00e9couvrir&#8230;<\/a><\/div>\n<\/div>\n<\/div>\n<\/div>\n\n\n\n<div class=\"wp-block-column is-layout-flow wp-block-column-is-layout-flow\">\n<div class=\"wp-block-group Test has-border-color has-ast-global-color-4-border-color is-layout-constrained wp-block-group-is-layout-constrained\" style=\"text-transform:none\">\n<div class=\"wp-block-cover has-custom-content-position is-position-bottom-center\"><span aria-hidden=\"true\" class=\"wp-block-cover__background has-blue-background-color has-background-dim\"><\/span><img loading=\"lazy\" decoding=\"async\" width=\"667\" height=\"500\" class=\"wp-block-cover__image-background wp-image-41\" alt=\"\" src=\"http:\/\/domaineduhibou.com\/wp-content\/uploads\/2024\/01\/DSC00893-big.jpg\" data-object-fit=\"cover\" srcset=\"https:\/\/domaineduhibou.com\/wp-content\/uploads\/2024\/01\/DSC00893-big.jpg 667w, https:\/\/domaineduhibou.com\/wp-content\/uploads\/2024\/01\/DSC00893-big-300x225.jpg 300w\" sizes=\"auto, (max-width: 667px) 100vw, 667px\" \/><div class=\"wp-block-cover__inner-container is-layout-constrained wp-block-cover-is-layout-constrained\">\n<p class=\"has-text-align-center has-medium-font-size\">L&#8217;espace Globe-trotter<\/p>\n<\/div><\/div>\n\n\n\n<h2 class=\"wp-block-heading\">L&#8217;espace Globe-trotter<\/h2>\n\n\n\n<p>Ici pour d\u00e9couvrir<\/p>\n\n\n\n<div class=\"wp-block-buttons is-layout-flex wp-block-buttons-is-layout-flex\">\n<div class=\"wp-block-button\"><a class=\"wp-block-button__link wp-element-button\" href=\"https:\/\/domaineduhibou.com\/index.php\/lespace-globe-trotter\/\">D\u00e9couvrir&#8230;<\/a><\/div>\n<\/div>\n<\/div>\n<\/div>\n<\/div>\n","protected":false},"excerpt":{"rendered":"<p>Le G\u00eete Ici pour d\u00e9couvrir La Grange Ici pour d\u00e9couvridsdsdsfrfrfrfrfrfrkfpocpoofcofkcvfo,xdcdkdcndkscnsdklcndlnckds L&#8217;espace Globe-trotter Ici pour d\u00e9couvrir<\/p>\n","protected":false},"author":1,"featured_media":0,"parent":0,"menu_order":0,"comment_status":"closed","ping_status":"closed","template":"","meta":{"site-sidebar-layout":"default","site-content-layout":"","ast-site-content-layout":"","site-content-style":"default","site-sidebar-style":"default","ast-global-header-display":"","ast-banner-title-visibility":"","ast-main-header-display":"","ast-hfb-above-header-display":"","ast-hfb-below-header-display":"","ast-hfb-mobile-header-display":"","site-post-title":"","ast-breadcrumbs-content":"","ast-featured-img":"","footer-sml-layout":"","theme-transparent-header-meta":"","adv-header-id-meta":"","stick-header-meta":"","header-above-stick-meta":"","header-main-stick-meta":"","header-below-stick-meta":"","astra-migrate-meta-layouts":"default","ast-page-background-enabled":"default","ast-page-background-meta":{"desktop":{"background-color":"var(--ast-global-color-4)","background-image":"","background-repeat":"repeat","background-position":"center center","background-size":"auto","background-attachment":"scroll","background-type":"","background-media":"","overlay-type":"","overlay-color":"","overlay-gradient":""},"tablet":{"background-color":"","background-image":"","background-repeat":"repeat","background-position":"center center","background-size":"auto","background-attachment":"scroll","background-type":"","background-media":"","overlay-type":"","overlay-color":"","overlay-gradient":""},"mobile":{"background-color":"","background-image":"","background-repeat":"repeat","background-position":"center center","background-size":"auto","background-attachment":"scroll","background-type":"","background-media":"","overlay-type":"","overlay-color":"","overlay-gradient":""}},"ast-content-background-meta":{"desktop":{"background-color":"var(--ast-global-color-5)","background-image":"","background-repeat":"repeat","background-position":"center center","background-size":"auto","background-attachment":"scroll","background-type":"","background-media":"","overlay-type":"","overlay-color":"","overlay-gradient":""},"tablet":{"background-color":"var(--ast-global-color-5)","background-image":"","background-repeat":"repeat","background-position":"center center","background-size":"auto","background-attachment":"scroll","background-type":"","background-media":"","overlay-type":"","overlay-color":"","overlay-gradient":""},"mobile":{"background-color":"var(--ast-global-color-5)","background-image":"","background-repeat":"repeat","background-position":"center center","background-size":"auto","background-attachment":"scroll","background-type":"","background-media":"","overlay-type":"","overlay-color":"","overlay-gradient":""}},"footnotes":""},"class_list":["post-39","page","type-page","status-publish","hentry"],"_links":{"self":[{"href":"https:\/\/domaineduhibou.com\/index.php\/wp-json\/wp\/v2\/pages\/39","targetHints":{"allow":["GET"]}}],"collection":[{"href":"https:\/\/domaineduhibou.com\/index.php\/wp-json\/wp\/v2\/pages"}],"about":[{"href":"https:\/\/domaineduhibou.com\/index.php\/wp-json\/wp\/v2\/types\/page"}],"author":[{"embeddable":true,"href":"https:\/\/domaineduhibou.com\/index.php\/wp-json\/wp\/v2\/users\/1"}],"replies":[{"embeddable":true,"href":"https:\/\/domaineduhibou.com\/index.php\/wp-json\/wp\/v2\/comments?post=39"}],"version-history":[{"count":10,"href":"https:\/\/domaineduhibou.com\/index.php\/wp-json\/wp\/v2\/pages\/39\/revisions"}],"predecessor-version":[{"id":99,"href":"https:\/\/domaineduhibou.com\/index.php\/wp-json\/wp\/v2\/pages\/39\/revisions\/99"}],"wp:attachment":[{"href":"https:\/\/domaineduhibou.com\/index.php\/wp-json\/wp\/v2\/media?parent=39"}],"curies":[{"name":"wp","href":"https:\/\/api.w.org\/{rel}","templated":true}]}}